uppose -98 = 5*n + 17. Let u = n + 100. What is the greatest common factor of 11 and u?
11
Suppose 7*y = 35 + 35. Let q = -3 + 7. Suppose -c + q*v = -123, -y = -3*v + v. What is the greatest common divisor of c and 13?
13
Suppose 2*h + 5 = 3*h + 2*l, 0 = -3*h - 3*l + 21. Suppose 100 = -5*i + h*i. What is the greatest common divisor of i and 10?
5
Let n(p) = 2*p**3 - 13*p**2 + 15*p - 14. Let z be n(6). What is the highest common divisor of 5 and z?
5
Let n = 28 + -18. Suppose 9*q = 4*q + n. Calculate the greatest common factor of q and 6.
2
Let f(q) = 2*q - 2. Let r be f(5). Let v(j) = 2*j**2 + r*j + 1 - 1 + 6 + 0. Let p be v(-5). What is the greatest common factor of 112 and p?
16
Suppose 2*x = -5*p + 72, -4*x - 49 + 123 = 5*p. Let v be (-14)/((0 - -1)/(-7)). What is the highest common factor of p and v?
14
Let i be 1 + (-150 + -3)*-1. Suppose -24 = m + m. Let l = m + 26. What is the highest common factor of l and i?
14
Suppose 22*f = -a + 25*f + 142, 4*f = -a + 128. Let p(j) = 3*j**2 - 4*j + 2. Let i be p(3). What is the greatest common divisor of a and i?
17
Let s be (-6)/3*(0 + -2). Suppose -s + 10 = 2*w. Suppose r - 8 = w*c, 5*c + 80 = r + 4*r. What is the greatest common factor of 20 and r?
20
Let z(m) be the first derivative of -m**4/4 - 14*m**3/3 + 13*m - 7. Let r be z(-14). Let q = 20 - r. Calculate the greatest common factor of q and 7.
7
Let y = -96 - -101. Suppose y*x + 4*f = 44, -3*x + 0*f + 28 = 2*f. Let n(d) = -3*d**3 + 1. Let u be n(-1). Calculate the highest common factor of u and x.
4
Let a(c) = 2*c**2 + 7*c - 14. Let x be a(-11). Let w be 1/(-6) - x/(-6). What is the highest common factor of w and 175?
25
Suppose 120 = 29*t - 28*t - 2*o, 579 = 5*t - 3*o. What is the greatest common divisor of 9 and t?
3
Let v(s) = -s**2 + 4*s - 3. Let m be v(5). Let g be ((m/(-3))/4)/(2/153). Calculate the greatest common factor of g and 408.
51
Suppose -20*k + 21*k - 156 = 0. What is the highest common factor of k and 351?
39
Suppose -36 = -2*z - 5*f, 2*f + 0*f - 4 = 0. Calculate the greatest common divisor of z and 143.
13
Let y be 194 - (-4)/7*7*(-7)/14. Let h(o) = 4*o**2 - 5*o + 3. Let v = -5 + 8. Let f be h(v). Calculate the highest common factor of y and f.
24
Let b(c) = -2*c**3 + 13*c**2 + 9*c - 15. Let o be b(6). Calculate the highest common divisor of 30 and o.
15
Suppose -7 - 101 = -2*j. Suppose -2*v = -3*v + 4. Suppose v*m = 5*f - 105 + 23, 3*m + 66 = 4*f. Calculate the greatest common divisor of f and j.
18
Let v be -267*((-35)/15)/7. Let z = v - 47. What is the greatest common divisor of 378 and z?
42
Suppose -3*m + u = 4 - 54, -u + 35 = 2*m. Suppose -v + 15 + m = 0. What is the greatest common divisor of v and 80?
16
Let i(o) = 67*o**2 - 3*o + 4. Let d(g) = -34*g**2 + 2*g - 2. Let y(p) = -5*d(p) - 2*i(p). Let b be y(2). Calculate the highest common divisor of 6 and b.
6
Let a be ((-104)/91)/(1/(-28)). Calculate the highest common factor of a and 24.
8
Let o be (-16 - -2)/((-25)/1150). Calculate the highest common factor of o and 56.
28
Suppose -8*h + 233 = -863. Suppose -4*v + h = -247. Calculate the highest common factor of v and 12.
12
Suppose 0 = 3*t - 314 - 70. Let l be -5 + ((-2835)/(-165) - 12) - 86/(-11). Calculate the highest common divisor of l and t.
8
Let s = 889 + -834. Calculate the highest common divisor of s and 187.
11
Let b = 92 + -133. Let p = -29 - b. Calculate the highest common divisor of p and 18.
6
Suppose -5*q - a + 4*a + 327 = 0, 3*a - 240 = -4*q. What is the highest common factor of q and 18?
9
Let g(s) = 2*s**2 + 75*s + 47. Let b be g(-37). Let l = -20 + 90. What is the highest common factor of l and b?
10
Suppose -5*p - 24 = -9*p. Suppose 9*i - p*i = 6. Suppose 3*k - 104 = -i*j - 12, -5*j = -5*k + 170. What is the highest common factor of k and 256?
32
Let x(j) = j**3 - 3*j**2 + 7*j - 24. Let l be x(4). Calculate the highest common factor of l and 12.
4
Suppose -3*t = -2*t + 179. Let s be 2 - (-1 + -2 + t). Suppose -5*i - 5*n = -i - 227, 0 = -3*i - n + s. Calculate the highest common factor of 9 and i.
9
Suppose 4*m - 10 = 15*c - 16*c, -5*c = -3*m - 119. Let s = -26 + 5. Let n = s - -32. Calculate the highest common divisor of c and n.
11
Let h be (-10 - -7) + (-45)/10*-14. Calculate the highest common divisor of 570 and h.
30
Let w be -1 + 2 - (-14 - -14). Let u be ((228/36)/(w/(-6)))/(-2). Calculate the highest common factor of 95 and u.
19
Let g be 25 + ((-30)/(-6) - 1)*-1. What is the greatest common factor of g and 28?
7
Suppose 16*o = -5*o + 840. What is the highest common factor of o and 20?
20
Let a be 0/(0 - -2) + -364. Let f be a/(-35) + (-4)/10. Suppose -h + 40 = h. What is the highest common factor of h and f?
10
Let v = 3 - -5. Suppose v + 112 = l. What is the greatest common divisor of 48 and l?
24
Suppose -275 = -2*u - 79. Suppose 308 = 27*f - 5*f. Calculate the greatest common divisor of u and f.
14
Let n = 30 - 77. Let o = n + 28. Let w = -15 - o. What is the highest common factor of 28 and w?
4
Let b(o) = -o**2 - 9*o - 2. Let t be b(-8). Let k be (-1)/(7/2) - 10388/(-343). What is the greatest common factor of t and k?
6
Suppose -3*n + 2*r = -1670 + 538, -5*r = 3*n - 1118. What is the greatest common divisor of n and 8?
8
Let f(h) = -h**3 + 43*h**2 + 42*h + 99. Let j be f(44). What is the greatest common divisor of 121 and j?
11
Let m = -1 + -1. Let f be (5 + -7)/(m*1). Suppose 11 = 4*u - f. Calculate the greatest common divisor of u and 9.
3
Suppose 24*v + 939 = 6651. Calculate the greatest common divisor of 17 and v.
17
Suppose -95 = -5*m - 5*x, 2*m - 41 = 5*x + 25. Let v be (-6*1 + (-31 - -27))*(-23)/2. What is the greatest common divisor of m and v?
23
Let d = -6 - -10. Let w be (2 - 3)*-4 + 1. Suppose -x = -v - 39, v = w*x - v - 186. What is the greatest common divisor of d and x?
4
Let s = -93 - -149. Let q(l) = 2*l**2 - 4*l + 4. Let k be q(0). What is the highest common divisor of s and k?
4
Suppose -2*l = -42 - 226. Suppose 2*w + 0*k + 2*k - l = 0, -2*w + 133 = k. Calculate the highest common divisor of 165 and w.
33
Suppose t - 6*t = -90. Let z(q) = -13*q**2 + t*q**3 - 13*q - 5*q**3 - 14*q**3. Let w be z(-12). Calculate the greatest common factor of 36 and w.
12
Let v be 1/(-5*1/(-15)). Suppose 4*o - 128 = -v*c + 2*o, -2*o = -2. What is the highest common divisor of c and 98?
14
Let m be 1/6 - 34/(-12). Suppose -7*g = -m*g + 900. Let s be (16/5)/((-10)/g). Calculate the greatest common divisor of s and 8.
8
Let t(n) = 20*n**2 + n - 7. Let q be t(-2). What is the highest common factor of q and 71?
71
Let b be 151 + (-2 - -7 - 3) - 3. What is the highest common divisor of b and 6?
6
Let d be 8/(-4) - (-5 + 1). Suppose 8 + 2 = d*z. Suppose 0 = -0*t - 5*t + 25, 100 = 5*q - 5*t. Calculate the highest common divisor of q and z.
5
Let a be (-32)/(-4) - 0/(-1). Let h(i) = -a*i - 3*i**2 - 4 + i**3 + 2*i + 11*i**2. Let x be h(-6). Calculate the greatest common factor of x and 13.
13
Let d(l) = 2*l - 3. Let s be d(4). Suppose 20 = -5*q - s. Let x(h) = -h**3 - h**2 + 17*h + 1. Let f be x(q). What is the highest common divisor of f and 80?
16
Suppose -12 = -4*t - 2*q, -4*t + 5*t - 12 = 4*q. Let p be t + 5/(15/132). Let l = 37 - 13. Calculate the highest common divisor of p and l.
24
Let k(z) = -2*z + 7. Let f be k(-5). Let d = 71 + -54. What is the greatest common factor of f and d?
17
Suppose 55*i - 57*i + 84 = 0. Calculate the greatest common divisor of i and 42.
42
Let j(f) = -6*f - 14. Let d be j(-4). Calculate the greatest common divisor of d and 50.
10
Let c(g) = -g - 2. Let b be c(6). Suppose 74*m = 67*m - 14. Let k be 11 + (m - (4 + b)). What is the highest common divisor of 104 and k?
13
Let x = -5 + 13. Suppose 2*p = 4*p - x. Suppose -20 = -a + 4*d, 4*a - 27 = 2*d + 53. What is the greatest common factor of a and p?
4
Suppose -5*n - 231 = -5*a - 8*n, -5*a + 2*n = -221. Calculate the greatest common divisor of a and 5.
5
Let h = 314 + -242. What is the greatest common divisor of 88 and h?
8
Suppose -h - 3*r = -4*r - 28, -4*r = -8. Let f = 26 - -25. Suppose h*o - 33*o = -f. What is the greatest common factor of 34 and o?
17
Let q = 15 - 0. Suppose -2*x = 78 + 274. Let r = 281 + x. Calculate the greatest common divisor of q and r.
15
Let c(j) = -7*j**2 + 415*j - 107. Let p be